{"id":9,"date":"2019-09-26T16:05:57","date_gmt":"2019-09-26T16:05:57","guid":{"rendered":"https:\/\/mature.com.br\/blog\/?page_id=9"},"modified":"2020-04-16T11:23:10","modified_gmt":"2020-04-16T11:23:10","slug":"mature","status":"publish","type":"page","link":"https:\/\/mature.com.br\/blog\/mature\/","title":{"rendered":"Mature"},"content":{"rendered":"<style type=\"text\/css\">\n        button.btn.pink{ background: #ff6d85; color: #FFFFFF; }<br \/>\n        button.btn.pink:hover { background: #e7495c; }<br \/>\n    <\/style>\n<style type=\"text\/css\">\n        body, .footer, .content{ background-color: #0c0a0b }<br \/>\n        .bl_main_info .item p, .footer, .footer .nav li, .footer .nav li a { color: #ffffff }<br \/>\n        .header, .main.above .wrapper {<br \/>\n            background: linear-gradient(to bottom, #5b0079 50%, #e6abf9 100%);<br \/>\n        }<br \/>\n        .header{ min-height: 100vh; }<br \/>\n        .header .cover{ min-height: 100vh; }<br \/>\n        .wrap_header_cont{ height: 100vh; }<br \/>\n        .wrap_header_cont .bl{ padding: 0; }<br \/>\n        .main.above .bg_shadow { background: rgba(0, 0, 0, 0.55)}<br \/>\n    <\/style>\n<style><\/style>\n<style><\/style>\n<style>.yp-yellow-pencil .yp-selected { outline: #F1C340 dotted thick !important; }<\/style>\n<p>Ter uma conta?<br \/>\n<a id=\"pp_sign_in_open\"><\/a>Entrar<br \/>\n<a data-cf-modified-9ab50ec4d52ed11766baa534-=\"\">Portugu\u00eas<\/a><\/p>\n<ul id=\"pp_language\">\n<li><a href=\"#\" data-cf-modified-9ab50ec4d52ed11766baa534-=\"\">Portugu\u00eas<\/a><\/li>\n<li><a href=\"#\" data-cf-modified-9ab50ec4d52ed11766baa534-=\"\">Afrikaans<\/a><\/li>\n<li><a href=\"#\" data-cf-modified-9ab50ec4d52ed11766baa534-=\"\">Alem\u00e3o<\/a><\/li>\n<li><a href=\"#\" data-cf-modified-9ab50ec4d52ed11766baa534-=\"\">Bahasa Indonesia<\/a><\/li>\n<li><a href=\"#\" data-cf-modified-9ab50ec4d52ed11766baa534-=\"\">Bahasa Melayu<\/a><\/li>\n<li><a href=\"#\" data-cf-modified-9ab50ec4d52ed11766baa534-=\"\">Dansk<\/a><\/li>\n<li><a href=\"#\" data-cf-modified-9ab50ec4d52ed11766baa534-=\"\">Eesti<\/a><\/li>\n<li><a href=\"#\" data-cf-modified-9ab50ec4d52ed11766baa534-=\"\">Em ingl\u00eas<br \/>\n<\/a><\/li>\n<li><a href=\"#\" data-cf-modified-9ab50ec4d52ed11766baa534-=\"\">Espa\u00f1ol<\/a><\/li>\n<li><a href=\"#\" data-cf-modified-9ab50ec4d52ed11766baa534-=\"\">Filipino<\/a><\/li>\n<li><a href=\"#\" data-cf-modified-9ab50ec4d52ed11766baa534-=\"\">Franc\u00eas<\/a><\/li>\n<li><a href=\"#\" data-cf-modified-9ab50ec4d52ed11766baa534-=\"\">Hausa<\/a><\/li>\n<li><a href=\"#\" data-cf-modified-9ab50ec4d52ed11766baa534-=\"\">Holand\u00eas<br \/>\n<\/a><\/li>\n<li><a href=\"#\" data-cf-modified-9ab50ec4d52ed11766baa534-=\"\">Hrvatski<\/a><\/li>\n<li><a href=\"#\" data-cf-modified-9ab50ec4d52ed11766baa534-=\"\">h\u00fangaro<\/a><\/li>\n<li><a href=\"#\" data-cf-modified-9ab50ec4d52ed11766baa534-=\"\">Igbo<\/a><\/li>\n<li><a href=\"#\" data-cf-modified-9ab50ec4d52ed11766baa534-=\"\">Ingl\u00eas<\/a><\/li>\n<li><a href=\"#\" data-cf-modified-9ab50ec4d52ed11766baa534-=\"\">Ingl\u00eas<\/a><\/li>\n<li><a href=\"#\" data-cf-modified-9ab50ec4d52ed11766baa534-=\"\">Italiano<\/a><\/li>\n<li><a href=\"#\" data-cf-modified-9ab50ec4d52ed11766baa534-=\"\">Kiswahili<\/a><\/li>\n<li><a href=\"#\" data-cf-modified-9ab50ec4d52ed11766baa534-=\"\">Latvie\u0161u<\/a><\/li>\n<li><a href=\"#\" data-cf-modified-9ab50ec4d52ed11766baa534-=\"\">Malti<\/a><\/li>\n<li><a href=\"#\" data-cf-modified-9ab50ec4d52ed11766baa534-=\"\">Norsk<\/a><\/li>\n<li><a href=\"#\" data-cf-modified-9ab50ec4d52ed11766baa534-=\"\">Polski<\/a><\/li>\n<li><a href=\"#\" data-cf-modified-9ab50ec4d52ed11766baa534-=\"\">Rom\u00e2n\u0103<\/a><\/li>\n<li><a href=\"#\" data-cf-modified-9ab50ec4d52ed11766baa534-=\"\">Sloven\u010dina<\/a><\/li>\n<li><a href=\"#\" data-cf-modified-9ab50ec4d52ed11766baa534-=\"\">Sloven\u0161\u010dina<\/a><\/li>\n<li><a href=\"#\" data-cf-modified-9ab50ec4d52ed11766baa534-=\"\">Suomi<\/a><\/li>\n<li><a href=\"#\" data-cf-modified-9ab50ec4d52ed11766baa534-=\"\">Svenska<\/a><\/li>\n<li><a href=\"#\" data-cf-modified-9ab50ec4d52ed11766baa534-=\"\">Ti\u1ebfng Vi\u1ec7t<\/a><\/li>\n<li><a href=\"#\" data-cf-modified-9ab50ec4d52ed11766baa534-=\"\">T\u00fcrk\u00e7e<\/a><\/li>\n<li><a href=\"#\" data-cf-modified-9ab50ec4d52ed11766baa534-=\"\">Xhosa<\/a><\/li>\n<li><a href=\"#\" data-cf-modified-9ab50ec4d52ed11766baa534-=\"\">Yoruba<\/a><\/li>\n<li><a href=\"#\" data-cf-modified-9ab50ec4d52ed11766baa534-=\"\">Zulu<\/a><\/li>\n<li><a href=\"#\" data-cf-modified-9ab50ec4d52ed11766baa534-=\"\">\u00cdslenska<\/a><\/li>\n<li><a href=\"#\" data-cf-modified-9ab50ec4d52ed11766baa534-=\"\">\u010ce\u0161tina<\/a><\/li>\n<li><a href=\"#\" data-cf-modified-9ab50ec4d52ed11766baa534-=\"\">\u0411\u0435\u043b\u0430\u0440\u0443\u0441\u043a\u0430\u044f<\/a><\/li>\n<li><a href=\"#\" data-cf-modified-9ab50ec4d52ed11766baa534-=\"\">\u0411\u044a\u043b\u0433\u0430\u0440\u0441\u043a\u0438<\/a><\/li>\n<li><a href=\"#\" data-cf-modified-9ab50ec4d52ed11766baa534-=\"\">\u041c\u0430\u043a\u0435\u0434\u043e\u043d\u0441\u043a\u0438<\/a><\/li>\n<li><a href=\"#\" data-cf-modified-9ab50ec4d52ed11766baa534-=\"\">\u0420\u0443\u0441\u0441\u043a\u0438\u0439<\/a><\/li>\n<li><a href=\"#\" data-cf-modified-9ab50ec4d52ed11766baa534-=\"\">\u0421\u0440\u043f\u0441\u043a\u0438<\/a><\/li>\n<li><a href=\"#\" data-cf-modified-9ab50ec4d52ed11766baa534-=\"\">\u0423\u043a\u0440\u0430\u0457\u043d\u0441\u044c\u043a\u0430<\/a><\/li>\n<li><a href=\"#\" data-cf-modified-9ab50ec4d52ed11766baa534-=\"\">\u049a\u0430\u0437\u0430\u049b\u0448\u0430<\/a><\/li>\n<li><a href=\"#\" data-cf-modified-9ab50ec4d52ed11766baa534-=\"\">\u0540\u0561\u0575\u0565\u0580\u0565\u0576<\/a><\/li>\n<li><a href=\"#\" data-cf-modified-9ab50ec4d52ed11766baa534-=\"\">\u0627\u0644\u0639\u0631\u0628\u064a\u0629\u200f<\/a><\/li>\n<li><a href=\"#\" data-cf-modified-9ab50ec4d52ed11766baa534-=\"\">\u0641\u0627\u0631\u0633\u06cc<\/a><\/li>\n<li><a href=\"#\" data-cf-modified-9ab50ec4d52ed11766baa534-=\"\">\u0939\u093f\u0928\u094d\u0926\u0940<\/a><\/li>\n<li><a href=\"#\" data-cf-modified-9ab50ec4d52ed11766baa534-=\"\">\u0e20\u0e32\u0e29\u0e32 \u0e44\u0e17\u0e22<\/a><\/li>\n<li><a href=\"#\" data-cf-modified-9ab50ec4d52ed11766baa534-=\"\">\u10e5\u10d0\u10e0\u10d7\u10e3\u10da\u10d8<\/a><\/li>\n<li><a href=\"#\" data-cf-modified-9ab50ec4d52ed11766baa534-=\"\">\u200f\u05e2\u05d1\u05e8\u05d9\u05ea\u200f<\/a><\/li>\n<li><a href=\"#\" data-cf-modified-9ab50ec4d52ed11766baa534-=\"\">\u4e2d\u6587 (\u7b80\u4f53)<\/a><\/li>\n<li><a href=\"#\" data-cf-modified-9ab50ec4d52ed11766baa534-=\"\">\u65e5\u672c\u8a9e<\/a><\/li>\n<li><a href=\"#\" data-cf-modified-9ab50ec4d52ed11766baa534-=\"\">\ud55c\uad6d\uc5b4<\/a><\/li>\n<\/ul>\n<p><a title=\"Aplicativo para Android\" href=\"https:\/\/play.google.com\/store\/apps\/details?id=com.mature.com.br.app&amp;rdid=com.mature.com.br.app\" target=\"_blank\" rel=\"noopener noreferrer\"><br \/>\n<img decoding=\"async\" loading=\"lazy\" src=\".\/_frameworks\/main\/impact\/images\/icon_btn_android.png\" alt=\"\" title=\"\"> Aplicativo para Android<br \/>\n<\/a><br \/>\n<img decoding=\"async\" loading=\"lazy\" id=\"logo_main_page\" style=\"height: 44px;\" src=\".\/_files\/logo\/main_impact.png?v=1516739521\" alt=\"\" title=\"\"><br \/>\nJunte-se ao melhor site de encontros do mundo.<\/p>\n<form id=\"frm_join_index_step_1\" action=\".\/join\" method=\"POST\"><label>Sou<\/label><br \/>\n<select id=\"bl_join_done_orientation\" name=\"orientation\"><option value=\"1\">Humem<\/option><option selected=\"selected\" value=\"2\">Mulher<\/option><option value=\"3\">Bissexual<\/option><\/select><br \/>\nOrientation is required<br \/>\n<button type=\"submit\">Continuar<\/button><\/form>\n<p><img decoding=\"async\" loading=\"lazy\" src=\".\/_frameworks\/main\/impact\/images\/pic_clock.png\" alt=\"\" width=\"128\" height=\"128\" title=\"\"><\/p>\n<p>A inscri\u00e7\u00e3o leva dois minutos e \u00e9 totalmente gratuita.<\/p>\n<p><img decoding=\"async\" loading=\"lazy\" src=\".\/_frameworks\/main\/impact\/images\/pic_heart.png\" alt=\"\" width=\"128\" height=\"104\" title=\"\"><\/p>\n<p>Nosso algoritmo de correspond\u00eancia ajuda a encontrar as pessoas certas.<\/p>\n<p><img decoding=\"async\" loading=\"lazy\" src=\".\/_frameworks\/main\/impact\/images\/pic_chat.png\" alt=\"\" width=\"128\" height=\"112\" title=\"\"><\/p>\n<p>Voc\u00ea pode conversar, ver fotos, se divertir e at\u00e9 mesmo se encontrar!<\/p>\n<ul>\n<li><a href=\".\/about\">Sobre<\/a><\/li>\n<li>|<br \/>\n<a href=\".\/contact\">Contact<\/a><\/li>\n<\/ul>\n<p>(c) MATURE maior portal de bate papo do brasil. 2019<br \/>\nEntrar<br \/>\n<a id=\"pp_sign_in_close\"><\/a><\/p>\n<form id=\"form_login\" action=\".\/ajax.php\" autocomplete=\"on\" method=\"post\"><input id=\"form_login_cmd\" name=\"cmd\" type=\"hidden\" value=\"login\" \/><br \/>\n<input name=\"ajax\" type=\"hidden\" value=\"1\" \/><br \/>\n<input id=\"form_login_user\" name=\"user\" type=\"text\" placeholder=\"Seu e-mail ou nome de usu\u00e1rio\" \/><br \/>\n<input id=\"form_login_pass\" name=\"password\" type=\"password\" placeholder=\"Senha\" \/><br \/>\n<input id=\"form_login_remember\" checked=\"checked\" name=\"remember\" type=\"checkbox\" value=\"1\" \/><br \/>\n<label for=\"form_login_remember\">Lembrar-me<\/label><br \/>\n<button id=\"form_login_submit\" type=\"submit\">Entrar<\/button><\/form>\n<p><a id=\"pp_forgot_pass_open\"><\/a>Esqueceu sua senha<br \/>\nou<\/p>\n<ul>\n<li><a href=\"https:\/\/www.facebook.com\/v2.2\/dialog\/oauth?client_id=1733893610200466&amp;state=4afdcd9c20001c860d61fa35a7de0560&amp;response_type=code&amp;sdk=php-sdk-5.6.2&amp;redirect_uri=https%3A%2F%2Fmature.com.br%2Fjoin_facebook.php%3Fcmd%3Dfb_login&amp;scope=email\">\u00a0<\/a><\/li>\n<li><a href=\"social_login.php?module=google_plus\">\u00a0<\/a><\/li>\n<li><a href=\"social_login.php?module=linkedin\">\u00a0<\/a><\/li>\n<li><a href=\"social_login.php?module=twitter\">\u00a0<\/a><\/li>\n<li><a href=\"social_login.php?module=vk\">\u00a0<\/a><\/li>\n<\/ul>\n<p>Esqueceu sua senha<br \/>\n<a><br \/>\n<\/a><br \/>\n<input id=\"pp_resend_password_email\" type=\"text\" placeholder=\"Seu email\" \/><\/p>\n<p><button id=\"pp_resend_password_submit\" disabled=\"disabled\">Enviar Senha<\/button><br \/>\nOu, <a>tente fazer login novamente<\/a><\/p>\n","protected":false},"excerpt":{"rendered":"<p>Ter uma conta? Entrar Portugu\u00eas Portugu\u00eas Afrikaans Alem\u00e3o Bahasa Indonesia Bahasa Melayu Dansk Eesti Em ingl\u00eas Espa\u00f1ol Filipino Franc\u00eas Hausa Holand\u00eas Hrvatski h\u00fangaro Igbo Ingl\u00eas Ingl\u00eas Italiano Kiswahili Latvie\u0161u Malti Norsk Polski Rom\u00e2n\u0103 Sloven\u010dina Sloven\u0161\u010dina Suomi Svenska Ti\u1ebfng Vi\u1ec7t T\u00fcrk\u00e7e&#8230; <span class=\"gridview-grid-post-read-more\"><a href=\"https:\/\/mature.com.br\/blog\/mature\/\">Leia Mais<span class=\"gridview-sr-only\"> Mature<\/span><\/a><\/span><\/p>\n","protected":false},"author":1,"featured_media":11,"parent":0,"menu_order":0,"comment_status":"closed","ping_status":"closed","template":"elementor_canvas","meta":{"footnotes":""},"class_list":["post-9","page","type-page","status-publish","has-post-thumbnail","hentry"],"_links":{"self":[{"href":"https:\/\/mature.com.br\/blog\/wp-json\/wp\/v2\/pages\/9","targetHints":{"allow":["GET"]}}],"collection":[{"href":"https:\/\/mature.com.br\/blog\/wp-json\/wp\/v2\/pages"}],"about":[{"href":"https:\/\/mature.com.br\/blog\/wp-json\/wp\/v2\/types\/page"}],"author":[{"embeddable":true,"href":"https:\/\/mature.com.br\/blog\/wp-json\/wp\/v2\/users\/1"}],"replies":[{"embeddable":true,"href":"https:\/\/mature.com.br\/blog\/wp-json\/wp\/v2\/comments?post=9"}],"version-history":[{"count":4,"href":"https:\/\/mature.com.br\/blog\/wp-json\/wp\/v2\/pages\/9\/revisions"}],"predecessor-version":[{"id":20,"href":"https:\/\/mature.com.br\/blog\/wp-json\/wp\/v2\/pages\/9\/revisions\/20"}],"wp:featuredmedia":[{"embeddable":true,"href":"https:\/\/mature.com.br\/blog\/wp-json\/wp\/v2\/media\/11"}],"wp:attachment":[{"href":"https:\/\/mature.com.br\/blog\/wp-json\/wp\/v2\/media?parent=9"}],"curies":[{"name":"wp","href":"https:\/\/api.w.org\/{rel}","templated":true}]}}